me number?
True
Is 559791701 a prime number?
False
Is 26057765563 a prime number?
False
Is 536486501 prime?
True
Is 4702711913 prime?
True
Is 111301615303 a composite number?
False
Is 1423968247 composite?
True
Is 76726297511 composite?
True
Is 135975017 a composite number?
True
Is 16912885449 composite?
True
Is 5378498237 a composite number?
True
Is 287388457 prime?
True
Is 311373047 composite?
False
Is 87827590121 prime?
True
Is 20399038795 prime?
False
Is 4371894537 composite?
True
Is 31393437683 a prime number?
True
Is 12658169779 prime?
False
Is 2194478293 prime?
False
Is 4038234639 prime?
False
Is 212106799 a composite number?
False
Is 100188206831 composite?
True
Is 27349270367 composite?
False
Is 15029249657 prime?
True
Is 78452736793 prime?
False
Is 2902824073 a composite number?
False
Is 7735049303 a prime number?
True
Is 238385233 a composite number?
True
Is 7669193887 composite?
False
Is 257546299 composite?
False
Is 20764261019 prime?
False
Is 5437565069 composite?
False
Is 2647508879 a prime number?
True
Is 60162910963 composite?
False
Is 86113561 a prime number?
True
Is 43720116263 composite?
False
Is 1754005678 prime?
False
Is 419708789 a prime number?
True
Is 3336155341 a composite number?
True
Is 124904011 composite?
False
Is 286048843 a composite number?
False
Is 3679402457 a prime number?
False
Is 210369377 composite?
True
Is 148120493 a composite number?
False
Is 75688355431 composite?
True
Is 1293224689 prime?
True
Is 218467549 composite?
False
Is 777606391 prime?
True
Is 13293872459 composite?
True
Is 125814712159 a composite number?
False
Is 2921429597 prime?
True
Is 22841285017 prime?
False
Is 12956565943 composite?
False
Is 328912189 composite?
False
Is 1999492603 prime?
False
Is 42649630097 a prime number?
True
Is 648637791 a prime number?
False
Is 30356078617 a prime number?
True
Is 1665575819 a prime number?
True
Is 1007870549 composite?
True
Is 11703916751 a composite number?
False
Is 12225297961 a composite number?
False
Is 13233781571 a prime number?
False
Is 79039479853 a prime number?
True
Is 44456829553 prime?
True
Is 16733674843 a composite number?
True
Is 908938187 a composite number?
False
Is 36452130599 a prime number?
False
Is 197409269 a composite number?
True
Is 906257411 a composite number?
False
Is 662204551 composite?
True
Is 16048381039 a composite number?
False
Is 12362171207 composite?
False
Is 413827751 a prime number?
False
Is 4692630001 a prime number?
True
Is 3840250279 prime?
True
Is 7290797849 composite?
False
Is 13619489711 a composite number?
False
Is 2927133731 a composite number?
False
Is 1366810457 prime?
False
Is 9119647029 composite?
True
Is 623683121 a prime number?
True
Is 228936887 a composite number?
True
Is 2258139157 a composite number?
True
Is 14895171167 a prime number?
True
Is 5088763727 a composite number?
True
Is 2736710149 a prime number?
True
Is 54667979 a composite number?
False
Is 7882767551 composite?
False
Is 84123797 a prime number?
False
Is 24803035963 a prime number?
True
Is 242718539939 prime?
False
Is 320517343 prime?
True
Is 7757735119 prime?
True
Is 226904641 composite?
True
Is 84038910574 prime?
False
Is 1267392521 prime?
True
Is 1054518121 prime?
False
Is 15421601417 a composite number?
True
Is 21140069 prime?
True
Is 907410661 prime?
True
Is 88598943821 prime?
True
Is 1327006963 a prime number?
False
Is 558936419 composite?
False
Is 64832299429 prime?
True
Is 95034232729 a composite number?
False
Is 244257336877 a prime number?
True
Is 257803327 a composite number?
False
Is 2661587413 a prime number?
False
Is 3771085897 composite?
False
Is 49206919819 composite?
True
Is 18153583021 composite?
True
Is 888293089 composite?
False
Is 23497341311 prime?
True
Is 2021653919 a composite number?
False
Is 277123877 a prime number?
False
Is 212168413 composite?
False
Is 15607930373 composite?
True
Is 89207198051 prime?
True
Is 73107703711 a composite number?
True
Is 5378937793 composite?
True
Is 81378716657 a composite number?
True
Is 136633897 a composite number?
True
Is 9001604471 a prime number?
True
Is 56773984637 composite?
False
Is 1646250734 composite?
True
Is 3695967113 prime?
False
Is 2524858057 prime?
True
Is 4103832241 composite?
True
Is 16806965653 prime?
True
Is 2312743469 composite?
True
Is 6774318079 a prime number?
False
Is 5185265443 a prime number?
True
Is 54647237027 prime?
False
Is 21919365011 a prime number?
True
Is 16146445583 a prime number?
True
Is 22750013023 composite?
True
Is 6932506253 a prime number?
False
Is 156384959 a prime number?
True
Is 699989197 a composite number?
True
Is 1462595027 a prime number?
False
Is 103762343 prime?
True
Is 51678512471 a composite number?
True
Is 11883423229 prime?
True
Is 5230548233 a composite number?
True
Is 14325775201 a prime number?
True
Is 3171039689 a prime number?
False
Is 113264309233 prime?
False
Is 47830238329 composite?
False
Is 15751342549 a prime number?
True
Is 115141863493 a prime number?
True
Is 31489322923 a composite number?
False
Is 45002729 prime?
False
Is 5382247961 a prime number?
False
Is 8523333227 a prime number?
True
Is 205822987 a prime number?
True
Is 6133655807 a prime number?
False
Is 28910493203 composite?
True
Is 528066797 composite?
False
Is 28415319923 a composite number?
False
Is 2051428507 a composite number?
False
Is 454809317 prime?
True
Is 43061726491 a prime number?
False
Is 6008808878 a prime number?
False
Is 51564436453 composite?
False
Is 959369497 prime?
True
Is 883306093 a composite number?
False
Is 28568571907 a composite number?
True
Is 1673419703 a composite number?
False
Is 78620606101 a composite number?
True
Is 66427061473 a prime number?
True
Is 146425404766 prime?
False
Is 1016928823 a prime number?
True
Is 257210699 composite?
False
Is 29599003571 a composite number?
True
Is 47677207 a composite number?
False
Is 120202921 composite?
False
Is 144671383 a prime number?
False
Is 450967367 prime?
True
Is 745579447 prime?
True
Is 20090506157 composite?
True
Is 62801728931 prime?
True
Is 26400427 a composite number?
True
Is 36239347 composite?
True
Is 6750134927 prime?
True
Is 911082301 composite?
False
Is 5461877257 a composite number?
False
Is 51806903747 composite?
False
Is 16873934411 composite?
False
Is 9069638813 a composite number?
False
Is 25475795951 prime?
False
Is 873795763 a prime number?
True
Is 5386924841 a composite number?
True
Is 864219773 a composite number?
True
Is 117751458541 prime?
True
Is 2731350001 prime?
True
Is 438228067 composite?
False
Is 416095409 composite?
False
Is 2433408739 a composite number?
True
Is 1434842579 prime?
True
Is 3266499043 a composite number?
False
Is 26894093971 prime?
False
Is 402727223 a composite number?
False
Is 1830293611 prime?
True
Is 1367347931 prime?
False
Is 122803037999 prime?
False
Is 3882031865 a composite number?
True
Is 1175166077 a composite number?
False
Is 13803146807 a composite number?
True
Is 54262288567 composite?
False
Is 13464241451 a prime number?
False
Is 4358246873 prime?
True
Is 140408057 a prime number?
True
Is 20679443 composite?
True
Is 8564807159 a composite number?
False
Is 141768511 a prime number?
True
Is 97060283 a prime number?
False
Is 508736231 a composite number?
False
Is 91693619401 prime?
True
Is 2330184641 prime?
True
Is 48796822381 prime?
True
Is 31950181495 a prime number?
False
Is 13718445397 a prime number?
True
Is 556721959 composite?
True
Is 25640932343 prime?
False
Is 41287633463 prime?
True
Is 16354037267 a prime number?
True
Is 72113791 composite?
False
Is 3693504073 prime?
False
Is 6194354567 composite?
False
Is 3117678521 a prime number?
True
Is 1322888921 composite?
False
Is 29574791 composite?
False
Is 109038943967 a composite number?
False
Is 12625184257 prime?
False
Is 7436629829 a prime number?
True
Is 1647688279 a composite number?
True
Is 174055319 prime?
False
Is 646413197 prime?
False
Is 920715463 a prime number?
True
Is 13371601331 prime?
False
Is 4673566201 composite?
True
Is 4933945133 a prime number?
False
Is 3324497443 prime?
False
Is 2694362293 a prime number?
False
Is 80421589 a prime number?
True
Is 19522178657 composite?
True
Is 6147452901 prime?
False
Is 307509837 a composite number?
True
Is 20354516863 composite?
False
Is 5199709243